{"id":61,"date":"2021-02-10T00:59:31","date_gmt":"2021-02-10T00:59:31","guid":{"rendered":"https:\/\/ingetec.com.sv\/tecnologia-medica\/?product=producto-23"},"modified":"2022-01-24T14:27:57","modified_gmt":"2022-01-24T20:27:57","slug":"producto-23","status":"publish","type":"product","link":"https:\/\/ingetec.com.sv\/tecnologia-medica\/?product=producto-23","title":{"rendered":"Desfibrilador"},"content":{"rendered":"<p>Desfibrilador para ser utilizado en emergencias, hospitalizaci\u00f3n y otros. Evaluaci\u00f3n de ECG e indicaciones por medio de voz audible. Puede ser utillizado para pacientes adulto y pedi\u00e1trico por medio de paddles incorporadas en el equipo.<\/p>\n<ul>\n<li>F\u00e1cil utilizaci\u00f3n<\/li>\n<li>Dise\u00f1ado con interfaz de usuario amigable para que sea utilizado en situaciones de emergencia, la empresa brindar\u00e1 capacitaci\u00f3n para demostrar la facilidad de uso.<\/li>\n<li>Con mensajes audibles en idioma espa\u00f1ol, que gu\u00edan al usuario en c\u00f3mo operar el equipo.<\/li>\n<li>Eval\u00faa el ECG del paciente para indicar si se ha de realizar o no la Desfibrilaci\u00f3n<\/li>\n<li>Energ\u00eda entregada: Regulable hasta un m\u00e1x. de 270 Joules<\/li>\n<li>Robusto y Resistente para uso en todo tipo de ambientes<\/li>\n<li>F\u00e1cil utilizaci\u00f3n mediante botones de actuaci\u00f3n<\/li>\n<li>Forma de Onda bif\u00e1sica exponencial truncada<\/li>\n<li>Autochequeo al encender el equipo, asegura la continua disponibilidad del equipo<\/li>\n<li>Bater\u00eda Li PO interna recargable con un m\u00ednimo de 100 descargas con bater\u00eda completamente cargada.<\/li>\n<li>Voltaje de conexi\u00f3n el\u00e9ctrica: 100VAC\/60Hz<\/li>\n<li>Se incluyen paddles reutilizables de adulto y pedi\u00e1trico<\/li>\n<\/ul>\n","protected":false},"excerpt":{"rendered":"<p class=\"qua-blog-post-description\">Desfibrilador para ser utilizado en emergencias, hospitalizaci\u00f3n y otros. Evaluaci\u00f3n de ECG e indicaciones por medio de voz audible. Puede ser utillizado para pacientes adulto y pedi\u00e1trico por medio de paddles incorporadas en el equipo<\/p>\n","protected":false},"featured_media":215,"comment_status":"open","ping_status":"closed","template":"","meta":{"spay_email":""},"_links":{"self":[{"href":"https:\/\/ingetec.com.sv\/tecnologia-medica\/index.php?rest_route=\/wp\/v2\/product\/61"}],"collection":[{"href":"https:\/\/ingetec.com.sv\/tecnologia-medica\/index.php?rest_route=\/wp\/v2\/product"}],"about":[{"href":"https:\/\/ingetec.com.sv\/tecnologia-medica\/index.php?rest_route=\/wp\/v2\/types\/product"}],"replies":[{"embeddable":true,"href":"https:\/\/ingetec.com.sv\/tecnologia-medica\/index.php?rest_route=%2Fwp%2Fv2%2Fcomments&post=61"}],"wp:featuredmedia":[{"embeddable":true,"href":"https:\/\/ingetec.com.sv\/tecnologia-medica\/index.php?rest_route=\/wp\/v2\/media\/215"}],"wp:attachment":[{"href":"https:\/\/ingetec.com.sv\/tecnologia-medica\/index.php?rest_route=%2Fwp%2Fv2%2Fmedia&parent=61"}],"curies":[{"name":"wp","href":"https:\/\/api.w.org\/{rel}","templated":true}]}}